{"id":61,"date":"2021-07-05T06:34:27","date_gmt":"2021-07-05T06:34:27","guid":{"rendered":"https:\/\/aguaslindasnoticias.com.br\/index.php\/home\/"},"modified":"2023-10-11T21:52:39","modified_gmt":"2023-10-12T00:52:39","slug":"home","status":"publish","type":"page","link":"https:\/\/aguaslindasnoticias.com.br\/","title":{"rendered":"Not\u00edcias"},"content":{"rendered":"\n<div class=\"wp-block-group\"><div class=\"wp-block-group__inner-container is-layout-constrained wp-block-group-is-layout-constrained\">\n<div class=\"wp-block-group\"><div class=\"wp-block-group__inner-container is-layout-constrained wp-block-group-is-layout-constrained\">\n<div class=\"wp-block-columns alignwide are-vertically-aligned-center is-layout-flex wp-container-core-columns-is-layout-1 wp-block-columns-is-layout-flex\">\n<div class=\"wp-block-column is-vertically-aligned-center is-layout-flow wp-block-column-is-layout-flow\" style=\"flex-basis:100%\"><div class=\"wp-block-image\">\n<figure class=\"aligncenter size-full\"><img decoding=\"async\" width=\"728\" height=\"90\" src=\"https:\/\/aguaslindasnoticias.com.br\/wp-content\/uploads\/2023\/10\/BANNER-REFIS.gif\" alt=\"\" class=\"wp-image-6556\"\/><\/figure><\/div>\n\n\n<div style=\"height:100px\" aria-hidden=\"true\" class=\"wp-block-spacer\"><\/div>\n\n\n\n<div class=\"wp-block-group\"><div class=\"wp-block-group__inner-container is-layout-constrained wp-block-group-is-layout-constrained\"><ul class=\"wp-block-latest-posts__list is-grid columns-3 aligncenter wp-block-latest-posts\"><li><div class=\"wp-block-latest-posts__featured-image aligncenter\"><img decoding=\"async\" width=\"300\" height=\"179\" src=\"https:\/\/aguaslindasnoticias.com.br\/wp-content\/uploads\/2025\/11\/09052025-pzzb8615.webp\" class=\"attachment-medium size-medium wp-post-image\" alt=\"\" style=\"\" \/><\/div><a class=\"wp-block-latest-posts__post-title\" href=\"https:\/\/aguaslindasnoticias.com.br\/index.php\/2025\/11\/11\/inss-prazo-para-contestar-descontos-indevidos-termina-dia-14\/\">INSS: prazo para contestar descontos indevidos termina dia 14<\/a><\/li>\n<li><div class=\"wp-block-latest-posts__featured-image aligncenter\"><img decoding=\"async\" width=\"300\" height=\"179\" src=\"https:\/\/aguaslindasnoticias.com.br\/wp-content\/uploads\/2025\/11\/1000371792.jpg\" class=\"attachment-medium size-medium wp-post-image\" alt=\"\" style=\"\" \/><\/div><a class=\"wp-block-latest-posts__post-title\" href=\"https:\/\/aguaslindasnoticias.com.br\/index.php\/2025\/11\/10\/primeiro-dia-de-provas-do-enem-teve-27-de-abstencao\/\">Primeiro dia de provas do Enem teve 27% de absten\u00e7\u00e3o<\/a><\/li>\n<li><div class=\"wp-block-latest-posts__featured-image aligncenter\"><img decoding=\"async\" width=\"300\" height=\"191\" src=\"https:\/\/aguaslindasnoticias.com.br\/wp-content\/uploads\/2025\/11\/novembro-roxo-reforca-cuidados-e-prevencao-a-prematuridade-em-goias.jpg\" class=\"attachment-medium size-medium wp-post-image\" alt=\"\" style=\"\" \/><\/div><a class=\"wp-block-latest-posts__post-title\" href=\"https:\/\/aguaslindasnoticias.com.br\/index.php\/2025\/11\/09\/novembro-roxo-reforca-cuidados-e-prevencao-a-prematuridade-em-goias\/\">Novembro Roxo refor\u00e7a cuidados e preven\u00e7\u00e3o \u00e0 prematuridade em Goi\u00e1s<\/a><\/li>\n<li><div class=\"wp-block-latest-posts__featured-image aligncenter\"><img decoding=\"async\" width=\"300\" height=\"191\" src=\"https:\/\/aguaslindasnoticias.com.br\/wp-content\/uploads\/2025\/11\/professora-de-escola-goiana-e-premiada-por-projeto-de-reflorestamento.jpeg\" class=\"attachment-medium size-medium wp-post-image\" alt=\"\" style=\"\" \/><\/div><a class=\"wp-block-latest-posts__post-title\" href=\"https:\/\/aguaslindasnoticias.com.br\/index.php\/2025\/11\/08\/professora-de-escola-goiana-e-premiada-por-projeto-de-reflorestamento\/\">Professora de escola goiana \u00e9 premiada por projeto de reflorestamento<\/a><\/li>\n<li><div class=\"wp-block-latest-posts__featured-image aligncenter\"><img decoding=\"async\" width=\"300\" height=\"179\" src=\"https:\/\/aguaslindasnoticias.com.br\/wp-content\/uploads\/2025\/10\/mg_9687.webp\" class=\"attachment-medium size-medium wp-post-image\" alt=\"\" style=\"\" \/><\/div><a class=\"wp-block-latest-posts__post-title\" href=\"https:\/\/aguaslindasnoticias.com.br\/index.php\/2025\/10\/11\/mec-lanca-aplicativo-com-questoes-para-estudo-do-enem\/\">MEC lan\u00e7a aplicativo com quest\u00f5es para estudo do Enem<\/a><\/li>\n<li><div class=\"wp-block-latest-posts__featured-image aligncenter\"><img decoding=\"async\" width=\"300\" height=\"179\" src=\"https:\/\/aguaslindasnoticias.com.br\/wp-content\/uploads\/2025\/10\/sam-balye-w1fwdvirezu-unsplash.webp\" class=\"attachment-medium size-medium wp-post-image\" alt=\"\" style=\"\" \/><\/div><a class=\"wp-block-latest-posts__post-title\" href=\"https:\/\/aguaslindasnoticias.com.br\/index.php\/2025\/10\/10\/mensalidades-escolares-devem-receber-reajuste-de-quase-10-em-2026\/\">Mensalidades escolares devem receber reajuste de quase 10% em 2026<\/a><\/li>\n<li><div class=\"wp-block-latest-posts__featured-image aligncenter\"><img decoding=\"async\" width=\"300\" height=\"179\" src=\"https:\/\/aguaslindasnoticias.com.br\/wp-content\/uploads\/2025\/10\/tmazs_251119_mg_86203502.webp\" class=\"attachment-medium size-medium wp-post-image\" alt=\"\" style=\"\" \/><\/div><a class=\"wp-block-latest-posts__post-title\" href=\"https:\/\/aguaslindasnoticias.com.br\/index.php\/2025\/10\/09\/mec-abre-consulta-publica-sobre-uso-de-ia-na-educacao\/\">MEC abre consulta p\u00fablica sobre uso de IA na educa\u00e7\u00e3o<\/a><\/li>\n<li><div class=\"wp-block-latest-posts__featured-image aligncenter\"><img decoding=\"async\" width=\"300\" height=\"185\" src=\"https:\/\/aguaslindasnoticias.com.br\/wp-content\/uploads\/2025\/10\/carla-zambelli.webp\" class=\"attachment-medium size-medium wp-post-image\" alt=\"\" style=\"\" \/><\/div><a class=\"wp-block-latest-posts__post-title\" href=\"https:\/\/aguaslindasnoticias.com.br\/index.php\/2025\/10\/08\/justica-italiana-rejeita-recurso-e-mantem-presa-a-deputada-federal-brasileira-carla-zambelli\/\">Justi\u00e7a italiana rejeita recurso e mant\u00e9m presa a deputada federal brasileira Carla Zambelli<\/a><\/li>\n<li><div class=\"wp-block-latest-posts__featured-image aligncenter\"><img decoding=\"async\" width=\"300\" height=\"200\" src=\"https:\/\/aguaslindasnoticias.com.br\/wp-content\/uploads\/2025\/09\/54757816059_abb2321486_c.webp\" class=\"attachment-medium size-medium wp-post-image\" alt=\"\" style=\"\" \/><\/div><a class=\"wp-block-latest-posts__post-title\" href=\"https:\/\/aguaslindasnoticias.com.br\/index.php\/2025\/09\/04\/enner-valencia-registra-a-terceira-melhor-media-de-gols-de-sua-carreira\/\">Enner Valencia registra a terceira melhor m\u00e9dia de gols de sua carreira<\/a><\/li>\n<\/ul><\/div><\/div>\n<\/div>\n<\/div>\n<\/div><\/div>\n<\/div><\/div>\n\n\n\n<figure class=\"wp-block-image size-full\"><img decoding=\"async\" width=\"930\" height=\"100\" src=\"https:\/\/aguaslindasnoticias.com.br\/wp-content\/uploads\/2023\/10\/BABU-LUCAS-930X100.gif\" alt=\"\" class=\"wp-image-6568\"\/><\/figure>\n","protected":false},"excerpt":{"rendered":"","protected":false},"author":1,"featured_media":0,"parent":0,"menu_order":0,"comment_status":"closed","ping_status":"closed","template":"","meta":{"footnotes":""},"class_list":["post-61","page","type-page","status-publish","hentry"],"_links":{"self":[{"href":"https:\/\/aguaslindasnoticias.com.br\/index.php\/wp-json\/wp\/v2\/pages\/61","targetHints":{"allow":["GET"]}}],"collection":[{"href":"https:\/\/aguaslindasnoticias.com.br\/index.php\/wp-json\/wp\/v2\/pages"}],"about":[{"href":"https:\/\/aguaslindasnoticias.com.br\/index.php\/wp-json\/wp\/v2\/types\/page"}],"author":[{"embeddable":true,"href":"https:\/\/aguaslindasnoticias.com.br\/index.php\/wp-json\/wp\/v2\/users\/1"}],"replies":[{"embeddable":true,"href":"https:\/\/aguaslindasnoticias.com.br\/index.php\/wp-json\/wp\/v2\/comments?post=61"}],"version-history":[{"count":8,"href":"https:\/\/aguaslindasnoticias.com.br\/index.php\/wp-json\/wp\/v2\/pages\/61\/revisions"}],"predecessor-version":[{"id":7923,"href":"https:\/\/aguaslindasnoticias.com.br\/index.php\/wp-json\/wp\/v2\/pages\/61\/revisions\/7923"}],"wp:attachment":[{"href":"https:\/\/aguaslindasnoticias.com.br\/index.php\/wp-json\/wp\/v2\/media?parent=61"}],"curies":[{"name":"wp","href":"https:\/\/api.w.org\/{rel}","templated":true}]}}

Notícias

<div class="wp-block-group"><div class="wp-block-group__inner-container is-layout-constrained wp-block-group-is-layout-constrained">
<div class="wp-block-group"><div class="wp-block-group__inner-container is-layout-constrained wp-block-group-is-layout-constrained">
<div class="wp-block-columns alignwide are-vertically-aligned-center is-layout-flex wp-container-core-columns-is-layout-1 wp-block-columns-is-layout-flex">
<div class="wp-block-column is-vertically-aligned-center is-layout-flow wp-block-column-is-layout-flow" style="flex-basis:100%"><div class="wp-block-image">
<figure class="aligncenter size-full"><img decoding="async" width="728" height="90" src="https://aguaslindasnoticias.com.br/wp-content/uploads/2023/10/BANNER-REFIS.gif" alt="" class="wp-image-6556"/></figure></div>


<div style="height:100px" aria-hidden="true" class="wp-block-spacer"></div>



<div class="wp-block-group"><div class="wp-block-group__inner-container is-layout-constrained wp-block-group-is-layout-constrained"><ul class="wp-block-latest-posts__list is-grid columns-3 aligncenter wp-block-latest-posts"><li><div class="wp-block-latest-posts__featured-image aligncenter"><img decoding="async" width="300" height="179" src="https://aguaslindasnoticias.com.br/wp-content/uploads/2025/11/09052025-pzzb8615.webp" class="attachment-medium size-medium wp-post-image" alt="" style="" /></div><a class="wp-block-latest-posts__post-title" href="https://aguaslindasnoticias.com.br/index.php/2025/11/11/inss-prazo-para-contestar-descontos-indevidos-termina-dia-14/">INSS: prazo para contestar descontos indevidos termina dia 14</a></li>
<li><div class="wp-block-latest-posts__featured-image aligncenter"><img decoding="async" width="300" height="179" src="https://aguaslindasnoticias.com.br/wp-content/uploads/2025/11/1000371792.jpg" class="attachment-medium size-medium wp-post-image" alt="" style="" /></div><a class="wp-block-latest-posts__post-title" href="https://aguaslindasnoticias.com.br/index.php/2025/11/10/primeiro-dia-de-provas-do-enem-teve-27-de-abstencao/">Primeiro dia de provas do Enem teve 27% de abstenção</a></li>
<li><div class="wp-block-latest-posts__featured-image aligncenter"><img decoding="async" width="300" height="191" src="https://aguaslindasnoticias.com.br/wp-content/uploads/2025/11/novembro-roxo-reforca-cuidados-e-prevencao-a-prematuridade-em-goias.jpg" class="attachment-medium size-medium wp-post-image" alt="" style="" /></div><a class="wp-block-latest-posts__post-title" href="https://aguaslindasnoticias.com.br/index.php/2025/11/09/novembro-roxo-reforca-cuidados-e-prevencao-a-prematuridade-em-goias/">Novembro Roxo reforça cuidados e prevenção à prematuridade em Goiás</a></li>
<li><div class="wp-block-latest-posts__featured-image aligncenter"><img decoding="async" width="300" height="191" src="https://aguaslindasnoticias.com.br/wp-content/uploads/2025/11/professora-de-escola-goiana-e-premiada-por-projeto-de-reflorestamento.jpeg" class="attachment-medium size-medium wp-post-image" alt="" style="" /></div><a class="wp-block-latest-posts__post-title" href="https://aguaslindasnoticias.com.br/index.php/2025/11/08/professora-de-escola-goiana-e-premiada-por-projeto-de-reflorestamento/">Professora de escola goiana é premiada por projeto de reflorestamento</a></li>
<li><div class="wp-block-latest-posts__featured-image aligncenter"><img decoding="async" width="300" height="179" src="https://aguaslindasnoticias.com.br/wp-content/uploads/2025/10/mg_9687.webp" class="attachment-medium size-medium wp-post-image" alt="" style="" /></div><a class="wp-block-latest-posts__post-title" href="https://aguaslindasnoticias.com.br/index.php/2025/10/11/mec-lanca-aplicativo-com-questoes-para-estudo-do-enem/">MEC lança aplicativo com questões para estudo do Enem</a></li>
<li><div class="wp-block-latest-posts__featured-image aligncenter"><img decoding="async" width="300" height="179" src="https://aguaslindasnoticias.com.br/wp-content/uploads/2025/10/sam-balye-w1fwdvirezu-unsplash.webp" class="attachment-medium size-medium wp-post-image" alt="" style="" /></div><a class="wp-block-latest-posts__post-title" href="https://aguaslindasnoticias.com.br/index.php/2025/10/10/mensalidades-escolares-devem-receber-reajuste-de-quase-10-em-2026/">Mensalidades escolares devem receber reajuste de quase 10% em 2026</a></li>
<li><div class="wp-block-latest-posts__featured-image aligncenter"><img decoding="async" width="300" height="179" src="https://aguaslindasnoticias.com.br/wp-content/uploads/2025/10/tmazs_251119_mg_86203502.webp" class="attachment-medium size-medium wp-post-image" alt="" style="" /></div><a class="wp-block-latest-posts__post-title" href="https://aguaslindasnoticias.com.br/index.php/2025/10/09/mec-abre-consulta-publica-sobre-uso-de-ia-na-educacao/">MEC abre consulta pública sobre uso de IA na educação</a></li>
<li><div class="wp-block-latest-posts__featured-image aligncenter"><img decoding="async" width="300" height="185" src="https://aguaslindasnoticias.com.br/wp-content/uploads/2025/10/carla-zambelli.webp" class="attachment-medium size-medium wp-post-image" alt="" style="" /></div><a class="wp-block-latest-posts__post-title" href="https://aguaslindasnoticias.com.br/index.php/2025/10/08/justica-italiana-rejeita-recurso-e-mantem-presa-a-deputada-federal-brasileira-carla-zambelli/">Justiça italiana rejeita recurso e mantém presa a deputada federal brasileira Carla Zambelli</a></li>
<li><div class="wp-block-latest-posts__featured-image aligncenter"><img decoding="async" width="300" height="200" src="https://aguaslindasnoticias.com.br/wp-content/uploads/2025/09/54757816059_abb2321486_c.webp" class="attachment-medium size-medium wp-post-image" alt="" style="" /></div><a class="wp-block-latest-posts__post-title" href="https://aguaslindasnoticias.com.br/index.php/2025/09/04/enner-valencia-registra-a-terceira-melhor-media-de-gols-de-sua-carreira/">Enner Valencia registra a terceira melhor média de gols de sua carreira</a></li>
</ul></div></div>
</div>
</div>
</div></div>
</div></div>



<figure class="wp-block-image size-full"><img decoding="async" width="930" height="100" src="https://aguaslindasnoticias.com.br/wp-content/uploads/2023/10/BABU-LUCAS-930X100.gif" alt="" class="wp-image-6568"/></figure>
